{"id":63,"date":"2025-03-22T09:02:26","date_gmt":"2025-03-22T09:02:26","guid":{"rendered":"http:\/\/mrpepsi.se\/?page_id=63"},"modified":"2025-04-06T16:11:26","modified_gmt":"2025-04-06T15:11:26","slug":"hem","status":"publish","type":"page","link":"https:\/\/anderstestar.se\/","title":{"rendered":"Hem"},"content":{"rendered":"<div  class='flex_column av-7z0b-005a81a11f149f25a0337b100373a2f6 av_one_half  avia-builder-el-0  el_before_av_one_half  avia-builder-el-first  first flex_column_div  '     ><style type=\"text\/css\" data-created_by=\"avia_inline_auto\" id=\"style-css-av-1g44n-b99e16169e4fb595e0295c65b4fe3672\">\n#top .av_textblock_section.av-1g44n-b99e16169e4fb595e0295c65b4fe3672 .avia_textblock{\nfont-size:14px;\n}\n<\/style>\n<section  class='av_textblock_section av-1g44n-b99e16169e4fb595e0295c65b4fe3672 '   itemscope=\"itemscope\" itemtype=\"https:\/\/schema.org\/CreativeWork\" ><div class='avia_textblock'  itemprop=\"text\" ><h4 class=\"p1\"><span class=\"s1\">V\u00e4lkommen till Anders testar!<\/span><\/h4>\n<p class=\"p1\"><span class=\"s1\">\u00c4r du nyfiken p\u00e5 prepping, hydroponisk odling, teknik och friluftsliv? D\u00e5 har du kommit r\u00e4tt! P\u00e5 denna sida delar jag med mig av mina erfarenheter, tester och insikter inom dessa sp\u00e4nnande \u00e4mnen.<\/span><\/p>\n<p class=\"p1\"><span class=\"s1\">Oavsett om du \u00e4r en nyb\u00f6rjare som vill l\u00e4ra dig grunderna eller en erfaren entusiast som s\u00f6ker inspiration, h\u00e4r hittar du praktiska tips, guider och recensioner. Tillsammans utforskar vi hur vi kan maximera v\u00e5ra kunskaper och f\u00e4rdigheter f\u00f6r att b\u00e4ttre hantera utmaningar i b\u00e5de vardag och \u00e4ventyr.<\/span><\/p>\n<p class=\"p1\"><span class=\"s1\">F\u00f6lj med mig p\u00e5 denna resa och l\u00e5t oss uppt\u00e4cka nya m\u00f6jligheter tillsammans!<br \/>\nTesta p\u00e5! &#8230;och gl\u00f6m inte att ha roooliit!<\/span><\/p>\n<h3>SIDAN \u00c4R UNDER UPPBYGGNAD OCH KOMMER \u00c4NDRAS!<\/h3>\n<\/div><\/section><\/div><div  class='flex_column av-3xpr-8db6f27ab30b3fddcd8b9e466bee9dcd av_one_half  avia-builder-el-2  el_after_av_one_half  avia-builder-el-last  flex_column_div  '     ><style type=\"text\/css\" data-created_by=\"avia_inline_auto\" id=\"style-css-av-m8jzdi7f-90880f3517ae675d9268582aefb6ba5c\">\n.avia-image-container.av-m8jzdi7f-90880f3517ae675d9268582aefb6ba5c img.avia_image{\nbox-shadow:none;\n}\n.avia-image-container.av-m8jzdi7f-90880f3517ae675d9268582aefb6ba5c .av-image-caption-overlay-center{\ncolor:#ffffff;\n}\n<\/style>\n<div  class='avia-image-container av-m8jzdi7f-90880f3517ae675d9268582aefb6ba5c av-styling- avia-align-center  avia-builder-el-3  avia-builder-el-no-sibling '   itemprop=\"image\" itemscope=\"itemscope\" itemtype=\"https:\/\/schema.org\/ImageObject\" ><div class=\"avia-image-container-inner\"><div class=\"avia-image-overlay-wrap\"><img decoding=\"async\" fetchpriority=\"high\" class='wp-image-54 avia-img-lazy-loading-not-54 avia_image ' src=\"https:\/\/anderstestar.se\/wp-content\/uploads\/2025\/03\/IMG_4453.jpeg\" alt='' title='IMG_4453'  height=\"4284\" width=\"5712\"  itemprop=\"thumbnailUrl\"  \/><\/div><\/div><\/div><\/div><\/p>\n","protected":false},"excerpt":{"rendered":"","protected":false},"author":1,"featured_media":0,"parent":0,"menu_order":0,"comment_status":"closed","ping_status":"closed","template":"","meta":{"footnotes":""},"class_list":["post-63","page","type-page","status-publish","hentry"],"jetpack_sharing_enabled":true,"_links":{"self":[{"href":"https:\/\/anderstestar.se\/index.php?rest_route=\/wp\/v2\/pages\/63","targetHints":{"allow":["GET"]}}],"collection":[{"href":"https:\/\/anderstestar.se\/index.php?rest_route=\/wp\/v2\/pages"}],"about":[{"href":"https:\/\/anderstestar.se\/index.php?rest_route=\/wp\/v2\/types\/page"}],"author":[{"embeddable":true,"href":"https:\/\/anderstestar.se\/index.php?rest_route=\/wp\/v2\/users\/1"}],"replies":[{"embeddable":true,"href":"https:\/\/anderstestar.se\/index.php?rest_route=%2Fwp%2Fv2%2Fcomments&post=63"}],"version-history":[{"count":18,"href":"https:\/\/anderstestar.se\/index.php?rest_route=\/wp\/v2\/pages\/63\/revisions"}],"predecessor-version":[{"id":1014,"href":"https:\/\/anderstestar.se\/index.php?rest_route=\/wp\/v2\/pages\/63\/revisions\/1014"}],"wp:attachment":[{"href":"https:\/\/anderstestar.se\/index.php?rest_route=%2Fwp%2Fv2%2Fmedia&parent=63"}],"curies":[{"name":"wp","href":"https:\/\/api.w.org\/{rel}","templated":true}]}}