{"id":626,"date":"2025-04-14T15:24:45","date_gmt":"2025-04-14T14:24:45","guid":{"rendered":"https:\/\/anderstestar.se\/?page_id=626"},"modified":"2025-08-11T01:42:42","modified_gmt":"2025-08-11T00:42:42","slug":"hur-jag-gjorde-for-att-odla-gurka-hydroponiskt","status":"publish","type":"page","link":"https:\/\/anderstestar.se\/?page_id=626","title":{"rendered":"Hur jag gjorde f\u00f6r att odla gurka hydroponiskt"},"content":{"rendered":"\n<style type=\"text\/css\" data-created_by=\"avia_inline_auto\" id=\"style-css-av-m9im48if-234f0e1f77caded51f387e3476a640a3\">\n.avia-image-container.av-m9im48if-234f0e1f77caded51f387e3476a640a3 img.avia_image{\nbox-shadow:none;\n}\n.avia-image-container.av-m9im48if-234f0e1f77caded51f387e3476a640a3 .av-image-caption-overlay-center{\ncolor:#ffffff;\n}\n<\/style>\n<div  class='avia-image-container av-m9im48if-234f0e1f77caded51f387e3476a640a3 av-styling- avia-align-center  avia-builder-el-0  el_before_av_one_full  avia-builder-el-first '   itemprop=\"image\" itemscope=\"itemscope\" itemtype=\"https:\/\/schema.org\/ImageObject\" ><div class=\"avia-image-container-inner\"><div class=\"avia-image-overlay-wrap\"><img decoding=\"async\" fetchpriority=\"high\" class='wp-image-636 avia-img-lazy-loading-not-636 avia_image ' src=\"https:\/\/anderstestar.se\/wp-content\/uploads\/2025\/04\/IMG_0496.jpg\" alt='' title='IMG_0496'  height=\"570\" width=\"1500\"  itemprop=\"thumbnailUrl\"  \/><\/div><\/div><\/div>\n<div  class='flex_column av-3t57m-fc8bb76dabbefc5ae7901e954466ceb2 av_one_full  avia-builder-el-1  el_after_av_image  el_before_av_one_half  first flex_column_div  '     ><style type=\"text\/css\" data-created_by=\"avia_inline_auto\" id=\"style-css-av-m9ilejuj-47d53348d38c750856d527f669d3991a\">\n#top .av_textblock_section.av-m9ilejuj-47d53348d38c750856d527f669d3991a .avia_textblock{\nfont-size:14px;\n}\n<\/style>\n<section  class='av_textblock_section av-m9ilejuj-47d53348d38c750856d527f669d3991a '   itemscope=\"itemscope\" itemtype=\"https:\/\/schema.org\/CreativeWork\" ><div class='avia_textblock'  itemprop=\"text\" ><p><b>Hur jag b\u00f6rjade odla gurka hemma \u2013 steg f\u00f6r steg!<br \/>\n<\/b><b><\/b>Att odla gurka hemma var ett projekt jag l\u00e4nge t\u00e4nkt p\u00e5,\u00a0 Jag hade lite erfarenhet av hydroponi \u2013 men vet du vad? Det \u00e4r inte alls s\u00e5 sv\u00e5rt. I det h\u00e4r inl\u00e4gget t\u00e4nkte jag ber\u00e4tta hur jag gjorde, vad jag anv\u00e4nde och vad du beh\u00f6ver t\u00e4nka p\u00e5 f\u00f6r att lyckas med din egen lilla gurkodling.<\/p>\n<\/div><\/section><\/div>\n<div  class='flex_column av-xycca-ef8bd89f854c2fdf0ec0dbc062749930 av_one_half  avia-builder-el-3  el_after_av_one_full  el_before_av_one_half  first flex_column_div  column-top-margin'     ><p><section  class='av_textblock_section av-m9j29pwv-e004d8bce42d3dc9066faf005b1e2856 '   itemscope=\"itemscope\" itemtype=\"https:\/\/schema.org\/CreativeWork\" ><div class='avia_textblock'  itemprop=\"text\" ><\/div><\/section><br \/>\n<section  class='av_textblock_section av-m9j2a0d6-28fabd870e557242b7f051a5ea3e532e '   itemscope=\"itemscope\" itemtype=\"https:\/\/schema.org\/CreativeWork\" ><div class='avia_textblock'  itemprop=\"text\" ><\/div><\/section><br \/>\n\n<style type=\"text\/css\" data-created_by=\"avia_inline_auto\" id=\"style-css-av-m9ildift-7350768c4db07aa277bbd6a10c4180c7\">\n#top .av_textblock_section.av-m9ildift-7350768c4db07aa277bbd6a10c4180c7 .avia_textblock{\nfont-size:14px;\n}\n<\/style>\n<section  class='av_textblock_section av-m9ildift-7350768c4db07aa277bbd6a10c4180c7 '   itemscope=\"itemscope\" itemtype=\"https:\/\/schema.org\/CreativeWork\" ><div class='avia_textblock'  itemprop=\"text\" ><p class=\"p1\"><b>Det h\u00e4r anv\u00e4nde jag<br \/>\n<\/b>\u2022Sj\u00e4lvpolinerande gurkfr\u00f6n (jag valde sorten <i>Baby F1<\/i>, men det finns fler)<br \/>\n\u2022Odlingsl\u00e5da\/kar (jag anv\u00e4nder en Strongbox 15L)<br \/>\n\u2022Digital m\u00e4tpenna f\u00f6r EC och pH (rekommenderas starkt!)<br \/>\n\u2022Odlingskorg, 80mm i diameter<br \/>\n\u2022Skumgummi\/odlingsplugg<br \/>\n\u2022H\u00e5lborr (80mm) + borrmaskin och syl<br \/>\n\u2022V\u00e4xtn\u00e4ring (jag k\u00f6r med Biomineral)<br \/>\n\u2022Lecakulor<br \/>\n\u2022N\u00e5gon form av st\u00f6d\/st\u00e4llning f\u00f6r plantan att kl\u00e4ttra p\u00e5<br \/>\n\u2022V\u00e4xtbelysning\/lampa<br \/>\n\u2022En beh\u00e5llare f\u00f6r f\u00f6rgroning (jag anv\u00e4nde en genomskinlig ask med lock)<br \/>\n\u2022Hush\u00e5llspapper och sprayflaska<\/p>\n<\/div><\/section><\/p><\/div>\n<div  class='flex_column av-qy8q2-ae28b83f1eb312085a784eb02062e0f5 av_one_half  avia-builder-el-7  el_after_av_one_half  el_before_av_one_half  flex_column_div  column-top-margin'     ><p>\n<style type=\"text\/css\" data-created_by=\"avia_inline_auto\" id=\"style-css-av-kw9i2-d8ac7bd9fb1d1933d5a9f1cc0d06fe67\">\n.avia-image-container.av-kw9i2-d8ac7bd9fb1d1933d5a9f1cc0d06fe67 img.avia_image{\nbox-shadow:none;\n}\n.avia-image-container.av-kw9i2-d8ac7bd9fb1d1933d5a9f1cc0d06fe67 .av-image-caption-overlay-center{\ncolor:#ffffff;\n}\n<\/style>\n<div  class='avia-image-container av-kw9i2-d8ac7bd9fb1d1933d5a9f1cc0d06fe67 av-styling- av-img-linked avia-align-center  avia-builder-el-8  el_before_av_image  avia-builder-el-first '   itemprop=\"image\" itemscope=\"itemscope\" itemtype=\"https:\/\/schema.org\/ImageObject\" ><div class=\"avia-image-container-inner\"><div class=\"avia-image-overlay-wrap\"><a href=\"https:\/\/anderstestar.se\/wp-content\/uploads\/2025\/04\/IMG_9391.jpg\" class='avia_image '  aria-label='IMG_9391'><img decoding=\"async\" fetchpriority=\"high\" class='wp-image-638 avia-img-lazy-loading-not-638 avia_image ' src=\"https:\/\/anderstestar.se\/wp-content\/uploads\/2025\/04\/IMG_9391.jpg\" alt='' title='IMG_9391'  height=\"242\" width=\"495\"  itemprop=\"thumbnailUrl\"  \/><\/a><\/div><\/div><\/div><br \/>\n\n<style type=\"text\/css\" data-created_by=\"avia_inline_auto\" id=\"style-css-av-m9j2761d-5390886e59deedb63c8c558829aa588c\">\n.avia-image-container.av-m9j2761d-5390886e59deedb63c8c558829aa588c img.avia_image{\nbox-shadow:none;\n}\n.avia-image-container.av-m9j2761d-5390886e59deedb63c8c558829aa588c .av-image-caption-overlay-center{\ncolor:#ffffff;\n}\n<\/style>\n<div  class='avia-image-container av-m9j2761d-5390886e59deedb63c8c558829aa588c av-styling- av-img-linked avia-align-center  avia-builder-el-9  el_after_av_image  avia-builder-el-last '   itemprop=\"image\" itemscope=\"itemscope\" itemtype=\"https:\/\/schema.org\/ImageObject\" ><div class=\"avia-image-container-inner\"><div class=\"avia-image-overlay-wrap\"><a href=\"https:\/\/anderstestar.se\/wp-content\/uploads\/2025\/04\/IMG_0573.jpg\" class='avia_image '  aria-label='IMG_0573'><img decoding=\"async\" fetchpriority=\"high\" class='wp-image-645 avia-img-lazy-loading-not-645 avia_image ' src=\"https:\/\/anderstestar.se\/wp-content\/uploads\/2025\/04\/IMG_0573.jpg\" alt='' title='IMG_0573'  height=\"213\" width=\"300\"  itemprop=\"thumbnailUrl\"  \/><\/a><\/div><\/div><\/div><\/p><\/div>\n<div  class='flex_column av-ozbhe-1698a63b466199c30adab4b2ff3c62c5 av_one_half  avia-builder-el-10  el_after_av_one_half  el_before_av_one_half  first flex_column_div  column-top-margin'     ><style type=\"text\/css\" data-created_by=\"avia_inline_auto\" id=\"style-css-av-m9h60hma-aeff85acb76a4e36b94862068c6d7672\">\n#top .av_textblock_section.av-m9h60hma-aeff85acb76a4e36b94862068c6d7672 .avia_textblock{\nfont-size:14px;\n}\n<\/style>\n<section  class='av_textblock_section av-m9h60hma-aeff85acb76a4e36b94862068c6d7672 '   itemscope=\"itemscope\" itemtype=\"https:\/\/schema.org\/CreativeWork\" ><div class='avia_textblock'  itemprop=\"text\" ><p class=\"p1\"><b>1. F\u00f6rgroning av fr\u00f6n \u2013 s\u00e5 b\u00f6rjar du<br \/>\n<\/b><b><\/b>Jag b\u00f6rjade med att f\u00f6rgro mina fr\u00f6n i en enkel genomskinlig ask med lock.<\/p>\n<p class=\"p1\"><b>S\u00e5 g\u00f6r du:<br \/>\n<\/b><b><\/b>1.L\u00e4gg ett ark hush\u00e5llspapper i botten.<br \/>\n2.Placera fr\u00f6na ovanp\u00e5 och spraya rikligt med vatten.<br \/>\n3.S\u00e4tt p\u00e5 locket (eller plastfolie) och st\u00e4ll ljust.<br \/>\n4.H\u00e5ll det fuktigt \u2013 men inte bl\u00f6tt. Spray regelbundet.<br \/>\n5.Efter bara ett par dagar b\u00f6rjar fr\u00f6na gro!<br \/>\nN\u00e4r fr\u00f6et har utvecklat blad och ett rotsystem p\u00e5 ungef\u00e4r 6\u20137 cm \u00e4r det dags f\u00f6r n\u00e4sta steg.<\/p>\n<p class=\"p1\"><b>2. Plantera om till odlingsplugg<br \/>\n<\/b><b><\/b>N\u00e4r plantan \u00e4r redo tog jag fram min odlingsplugg (skumgummi i mitt fall). H\u00e4r \u00e4r det viktigt att pluggen \u00e4r ordentligt fuktad \u2013 l\u00e4gg den i bl\u00f6t och krama ur den som en disksvamp under vatten.<\/p>\n<p class=\"p1\"><b>Planteringstips:<br \/>\n<\/b><b><\/b>\u2022S\u00e4tt plantan s\u00e5 den gr\u00f6na stammen \u00e4r ovanf\u00f6r pluggen, och r\u00f6tterna (vita delen) sticker ner under.<br \/>\n\u2022Placera pluggen i en liten beh\u00e5llare med vanligt vatten (ingen n\u00e4ring i b\u00f6rjan).<br \/>\n<i>Fotnot: jag anv\u00e4nde en 50mm plugg till en b\u00f6rjan eftersom min 80mm inte hunnit komma. Men satsa direkt p\u00e5 r\u00e4tt storlek om du kan.<\/i><i><\/i><\/p>\n<p class=\"p1\">Vill du s\u00e4tta plantan direkt i odlingskorgen? L\u00e4gg lite lecakulor i botten f\u00f6rst! Det hj\u00e4lper till att:<br \/>\n\u2022F\u00e5 upp pluggen n\u00e4rmare toppen (s\u00e5 ljus inte kommer ner i vattnet)<br \/>\n\u2022H\u00e5lla pluggen torr p\u00e5 ytan<\/p>\n<p class=\"p1\"><b>3. V\u00e4nta p\u00e5 tillv\u00e4xt<br \/>\n<\/b><b><\/b>Nu \u00e4r det bara att v\u00e4nta tills plantan f\u00e5tt minst 3 blad. Under den h\u00e4r tiden \u00e4r det viktigt att h\u00e5lla pluggen fuktig och se till att r\u00f6tterna f\u00e5r utrymme att v\u00e4xa. Jag fick hem mina 80mm-korgar och -pluggar n\u00e5gra dagar senare, s\u00e5 d\u00e5 byggde jag om en egen speciall\u00f6sning med lecakulor och skumgummi i korgen.<\/p>\n<\/div><\/section><\/div><div  class='flex_column av-jbumy-bfe3ec7fe67e11c169b1e92ff6c7577b av_one_half  avia-builder-el-12  el_after_av_one_half  el_before_av_one_half  flex_column_div  column-top-margin'     ><p>\n<style type=\"text\/css\" data-created_by=\"avia_inline_auto\" id=\"style-css-av-m9j2z7ig-3b597a8544e17e4d54d3520849ea29a7\">\n.avia-image-container.av-m9j2z7ig-3b597a8544e17e4d54d3520849ea29a7 img.avia_image{\nbox-shadow:none;\n}\n.avia-image-container.av-m9j2z7ig-3b597a8544e17e4d54d3520849ea29a7 .av-image-caption-overlay-center{\ncolor:#ffffff;\n}\n<\/style>\n<div  class='avia-image-container av-m9j2z7ig-3b597a8544e17e4d54d3520849ea29a7 av-styling- av-img-linked avia-align-center  avia-builder-el-13  el_before_av_image  avia-builder-el-first '   itemprop=\"image\" itemscope=\"itemscope\" itemtype=\"https:\/\/schema.org\/ImageObject\" ><div class=\"avia-image-container-inner\"><div class=\"avia-image-overlay-wrap\"><a href=\"https:\/\/anderstestar.se\/wp-content\/uploads\/2025\/04\/gurlfropase.jpg\" class='avia_image '  aria-label='gurlfro\u0308pa\u030ase'><img decoding=\"async\" fetchpriority=\"high\" class='wp-image-653 avia-img-lazy-loading-not-653 avia_image ' src=\"https:\/\/anderstestar.se\/wp-content\/uploads\/2025\/04\/gurlfropase.jpg\" alt='' title='gurlfro\u0308pa\u030ase'  height=\"187\" width=\"300\"  itemprop=\"thumbnailUrl\"  \/><\/a><\/div><\/div><\/div><br \/>\n\n<style type=\"text\/css\" data-created_by=\"avia_inline_auto\" id=\"style-css-av-d9qsa-3a044df23a4b51ab22b7ebc108102aad\">\n.avia-image-container.av-d9qsa-3a044df23a4b51ab22b7ebc108102aad img.avia_image{\nbox-shadow:none;\n}\n.avia-image-container.av-d9qsa-3a044df23a4b51ab22b7ebc108102aad .av-image-caption-overlay-center{\ncolor:#ffffff;\n}\n<\/style>\n<div  class='avia-image-container av-d9qsa-3a044df23a4b51ab22b7ebc108102aad av-styling- av-img-linked avia-align-center  avia-builder-el-14  el_after_av_image  el_before_av_image '   itemprop=\"image\" itemscope=\"itemscope\" itemtype=\"https:\/\/schema.org\/ImageObject\" ><div class=\"avia-image-container-inner\"><div class=\"avia-image-overlay-wrap\"><a href=\"https:\/\/anderstestar.se\/wp-content\/uploads\/2025\/04\/IMG_04191.jpg\" class='avia_image '  aria-label='IMG_04191'><img decoding=\"async\" fetchpriority=\"high\" class='wp-image-655 avia-img-lazy-loading-not-655 avia_image ' src=\"https:\/\/anderstestar.se\/wp-content\/uploads\/2025\/04\/IMG_04191.jpg\" alt='' title='IMG_04191'  height=\"176\" width=\"300\"  itemprop=\"thumbnailUrl\"  \/><\/a><\/div><\/div><\/div><br \/>\n\n<style type=\"text\/css\" data-created_by=\"avia_inline_auto\" id=\"style-css-av-bloqy-2c4afb7579e6b05d73828d6a0c969bee\">\n.avia-image-container.av-bloqy-2c4afb7579e6b05d73828d6a0c969bee img.avia_image{\nbox-shadow:none;\n}\n.avia-image-container.av-bloqy-2c4afb7579e6b05d73828d6a0c969bee .av-image-caption-overlay-center{\ncolor:#ffffff;\n}\n<\/style>\n<div  class='avia-image-container av-bloqy-2c4afb7579e6b05d73828d6a0c969bee av-styling- av-img-linked avia-align-center  avia-builder-el-15  el_after_av_image  avia-builder-el-last '   itemprop=\"image\" itemscope=\"itemscope\" itemtype=\"https:\/\/schema.org\/ImageObject\" ><div class=\"avia-image-container-inner\"><div class=\"avia-image-overlay-wrap\"><a href=\"https:\/\/anderstestar.se\/wp-content\/uploads\/2025\/04\/IMG_0419.jpg\" class='avia_image '  aria-label='IMG_0419'><img decoding=\"async\" fetchpriority=\"high\" class='wp-image-656 avia-img-lazy-loading-not-656 avia_image ' src=\"https:\/\/anderstestar.se\/wp-content\/uploads\/2025\/04\/IMG_0419.jpg\" alt='' title='IMG_0419'  height=\"176\" width=\"300\"  itemprop=\"thumbnailUrl\"  \/><\/a><\/div><\/div><\/div><\/p><\/div><\/p>\n<div  class='flex_column av-xedz6-a8f41b6bd3b050d8530e8eb1d96f8cf7 av_one_half  avia-builder-el-16  el_after_av_one_half  el_before_av_one_half  first flex_column_div  column-top-margin'     ><style type=\"text\/css\" data-created_by=\"avia_inline_auto\" id=\"style-css-av-m9j3dvvm-ced63fd47005fc8a8f6094c4eaefae15\">\n#top .av_textblock_section.av-m9j3dvvm-ced63fd47005fc8a8f6094c4eaefae15 .avia_textblock{\nfont-size:14px;\n}\n<\/style>\n<section  class='av_textblock_section av-m9j3dvvm-ced63fd47005fc8a8f6094c4eaefae15 '   itemscope=\"itemscope\" itemtype=\"https:\/\/schema.org\/CreativeWork\" ><div class='avia_textblock'  itemprop=\"text\" ><p class=\"p1\"><b>4. Flytta till odlingsl\u00e5dan \u2013 dags f\u00f6r n\u00e4sta niv\u00e5!<br \/>\n<\/b><b><\/b>N\u00e4r plantan utvecklat ett bra rotsystem flyttade jag den till sin permanenta plats i odlingsl\u00e5dan.<br \/>\nJag fyllde p\u00e5 med kranvatten s\u00e5 att vattenniv\u00e5n precis n\u00e5r pluggen \u2013 men inte s\u00e5 att skumgummit dr\u00e4nks. Gurkor ogillar n\u00e4mligen att f\u00e5 stammen bl\u00f6t!<\/p>\n<p class=\"p1\"><b>N\u00e4ring och m\u00e4tning:<br \/>\n<\/b><b><\/b>\u2022Jag startade med ett EC-v\u00e4rde p\u00e5 ca <b>1500\u00b5S<br \/>\n<\/b><b><\/b>\u2022pH och EC m\u00e4ts enkelt med en digital m\u00e4tpenna f\u00f6r EC och pH<\/p>\n<p class=\"p1\"><b>Tips:<\/b> G\u00f6r g\u00e4rna ett extra litet h\u00e5l i locket p\u00e5 l\u00e5dan f\u00f6r att fylla p\u00e5 vatten och m\u00e4ta n\u00e4ring utan att beh\u00f6va lyfta hela plantan varje g\u00e5ng. T\u00e4ck h\u00e5let s\u00e5 inget ljus sl\u00e4pps in \u2013 det f\u00f6rhindrar algtillv\u00e4xt!<\/p>\n<p class=\"p1\"><b><br \/>\n5. Sk\u00f6tsel \u2013 h\u00e5ll plantan n\u00f6jd<\/b><\/p>\n<p class=\"p1\"><b><\/b>N\u00e4r plantan \u00e4r p\u00e5 plats g\u00e4ller det att:<br \/>\n\u2022H\u00e5lla koll p\u00e5 n\u00e4ringsniv\u00e5erna<br \/>\n\u2022Byta vatten ungef\u00e4r var 14:e dag (antingen helt eller delvis)<br \/>\n\u2022Justera pH om det sticker iv\u00e4g (jag anv\u00e4nder citronsyra blandat med vatten i en PET-flaska \u2013 funkar toppen, men h\u00e5ll koll regelbundet eftersom effekten \u00e4r tillf\u00e4llig<br \/>\nN\u00e4r r\u00f6tterna \u00e4r tillr\u00e4ckligt l\u00e5nga kan du s\u00e4nka vattenniv\u00e5n ca 5\u20136 cm under korgen. Det g\u00f6r att r\u00f6tterna f\u00e5r tillg\u00e5ng till syre ocks\u00e5 \u2013 viktigt f\u00f6r en stark planta!<\/p>\n<p class=\"p1\"><b>Gl\u00f6m inte:<br \/>\n<\/b><b><\/b>Planera f\u00f6r h\u00f6jden! Gurkplantor kan bli l\u00e5nga, s\u00e5 ha en st\u00e4llning med tr\u00e5dar s\u00e5 den kan kl\u00e4ttra.<\/p>\n<p class=\"p1\"><b>Summering \u2013 odla gurka hemma, ja det g\u00e5r!<br \/>\n<\/b><b><\/b>Det har varit s\u00e5 kul att f\u00f6lja hur plantan v\u00e4xer \u2013 fr\u00e5n ett litet fr\u00f6 till n\u00e5got som faktiskt ger gurkor. Med lite f\u00f6rberedelser och r\u00e4tt utrustning \u00e4r det fullt m\u00f6jligt att odla gurka hemma, \u00e4ven mitt i vintern. Och det b\u00e4sta? Du beh\u00f6ver inte ens jord!<\/p>\n<\/div><\/section><\/div><div  class='flex_column av-rkgvm-3db017ab71211ba2c64c199c57823213 av_one_half  avia-builder-el-18  el_after_av_one_half  avia-builder-el-last  flex_column_div  column-top-margin'     ><p>\n<style type=\"text\/css\" data-created_by=\"avia_inline_auto\" id=\"style-css-av-keo0i-90ca4fb489c2f37758833d996c81fe7b\">\n.avia-image-container.av-keo0i-90ca4fb489c2f37758833d996c81fe7b img.avia_image{\nbox-shadow:none;\n}\n.avia-image-container.av-keo0i-90ca4fb489c2f37758833d996c81fe7b .av-image-caption-overlay-center{\ncolor:#ffffff;\n}\n<\/style>\n<div  class='avia-image-container av-keo0i-90ca4fb489c2f37758833d996c81fe7b av-styling- av-img-linked avia-align-center  avia-builder-el-19  el_before_av_image  avia-builder-el-first '   itemprop=\"image\" itemscope=\"itemscope\" itemtype=\"https:\/\/schema.org\/ImageObject\" ><div class=\"avia-image-container-inner\"><div class=\"avia-image-overlay-wrap\"><a href=\"https:\/\/anderstestar.se\/wp-content\/uploads\/2025\/04\/IMG_04192.jpg\" class='avia_image '  aria-label='IMG_04192'><img decoding=\"async\" fetchpriority=\"high\" class='wp-image-661 avia-img-lazy-loading-not-661 avia_image ' src=\"https:\/\/anderstestar.se\/wp-content\/uploads\/2025\/04\/IMG_04192.jpg\" alt='' title='IMG_04192'  height=\"176\" width=\"300\"  itemprop=\"thumbnailUrl\"  \/><\/a><\/div><\/div><\/div><br \/>\n\n<style type=\"text\/css\" data-created_by=\"avia_inline_auto\" id=\"style-css-av-g3jwq-238db137987bef88dfbc531078d5c06d\">\n.avia-image-container.av-g3jwq-238db137987bef88dfbc531078d5c06d img.avia_image{\nbox-shadow:none;\n}\n.avia-image-container.av-g3jwq-238db137987bef88dfbc531078d5c06d .av-image-caption-overlay-center{\ncolor:#ffffff;\n}\n<\/style>\n<div  class='avia-image-container av-g3jwq-238db137987bef88dfbc531078d5c06d av-styling- av-img-linked avia-align-center  avia-builder-el-20  el_after_av_image  el_before_av_image '   itemprop=\"image\" itemscope=\"itemscope\" itemtype=\"https:\/\/schema.org\/ImageObject\" ><div class=\"avia-image-container-inner\"><div class=\"avia-image-overlay-wrap\"><a href=\"https:\/\/anderstestar.se\/wp-content\/uploads\/2025\/04\/IMG_04193.jpg\" class='avia_image '  aria-label='IMG_04193'><img decoding=\"async\" fetchpriority=\"high\" class='wp-image-662 avia-img-lazy-loading-not-662 avia_image ' src=\"https:\/\/anderstestar.se\/wp-content\/uploads\/2025\/04\/IMG_04193.jpg\" alt='' title='IMG_04193'  height=\"176\" width=\"300\"  itemprop=\"thumbnailUrl\"  \/><\/a><\/div><\/div><\/div><br \/>\n\n<style type=\"text\/css\" data-created_by=\"avia_inline_auto\" id=\"style-css-av-15juq-bd6858a069ab78e7b7643c24a6ddf023\">\n.avia-image-container.av-15juq-bd6858a069ab78e7b7643c24a6ddf023 img.avia_image{\nbox-shadow:none;\n}\n.avia-image-container.av-15juq-bd6858a069ab78e7b7643c24a6ddf023 .av-image-caption-overlay-center{\ncolor:#ffffff;\n}\n<\/style>\n<div  class='avia-image-container av-15juq-bd6858a069ab78e7b7643c24a6ddf023 av-styling- av-img-linked avia-align-center  avia-builder-el-21  el_after_av_image  avia-builder-el-last '   itemprop=\"image\" itemscope=\"itemscope\" itemtype=\"https:\/\/schema.org\/ImageObject\" ><div class=\"avia-image-container-inner\"><div class=\"avia-image-overlay-wrap\"><a href=\"https:\/\/anderstestar.se\/wp-content\/uploads\/2025\/04\/IMG_04194.jpg\" class='avia_image '  aria-label='IMG_04194'><img decoding=\"async\" fetchpriority=\"high\" class='wp-image-663 avia-img-lazy-loading-not-663 avia_image ' src=\"https:\/\/anderstestar.se\/wp-content\/uploads\/2025\/04\/IMG_04194.jpg\" alt='' title='IMG_04194'  height=\"176\" width=\"300\"  itemprop=\"thumbnailUrl\"  \/><\/a><\/div><\/div><\/div><\/p><\/div><\/p>\n","protected":false},"excerpt":{"rendered":"","protected":false},"author":1,"featured_media":0,"parent":0,"menu_order":0,"comment_status":"closed","ping_status":"closed","template":"","meta":{"footnotes":""},"class_list":["post-626","page","type-page","status-publish","hentry"],"jetpack_sharing_enabled":true,"_links":{"self":[{"href":"https:\/\/anderstestar.se\/index.php?rest_route=\/wp\/v2\/pages\/626","targetHints":{"allow":["GET"]}}],"collection":[{"href":"https:\/\/anderstestar.se\/index.php?rest_route=\/wp\/v2\/pages"}],"about":[{"href":"https:\/\/anderstestar.se\/index.php?rest_route=\/wp\/v2\/types\/page"}],"author":[{"embeddable":true,"href":"https:\/\/anderstestar.se\/index.php?rest_route=\/wp\/v2\/users\/1"}],"replies":[{"embeddable":true,"href":"https:\/\/anderstestar.se\/index.php?rest_route=%2Fwp%2Fv2%2Fcomments&post=626"}],"version-history":[{"count":29,"href":"https:\/\/anderstestar.se\/index.php?rest_route=\/wp\/v2\/pages\/626\/revisions"}],"predecessor-version":[{"id":1044,"href":"https:\/\/anderstestar.se\/index.php?rest_route=\/wp\/v2\/pages\/626\/revisions\/1044"}],"wp:attachment":[{"href":"https:\/\/anderstestar.se\/index.php?rest_route=%2Fwp%2Fv2%2Fmedia&parent=626"}],"curies":[{"name":"wp","href":"https:\/\/api.w.org\/{rel}","templated":true}]}}